1 = 2*x, -3*x = -0*x + 5*s - h. Let r(z) = -3*z**x + 5*z**2 + 31*z**3 - 1 - 29*z**3. Determine r(1).
3
Suppose 2 = -u + 3*u - 5*k, -2*u + 2*k + 2 = 0. Let x be u/(-2) + 6/4. Let c(l) be the second derivative of -l**5/5 + l**3/3 - l**2/2 + 9*l. Calculate c(x).
-3
Let g(u) = 7*u**3 + 7*u**2 - 10*u - 15. Let m be g(2). Let d(j) = -j**3 + 47*j**2 + 98*j - 7. Calculate d(m).
-7
Let h(j) = 24 + j**3 + 7*j**2 - 12 - 10 - 4*j**3. Let g(z) = -5*z**3 + 8*z**2 - z + 1. Let t(m) = 2*g(m) - 3*h(m). Determine t(-5).
6
Let w(u) be the third derivative of -u**8/6720 - u**7/2520 + u**6/720 + u**5/24 - 7*u**4/6 + u**2. Let g(z) be the second derivative of w(z). What is g(0)?
5
Let k(h) = h + 23. Let l = -7649 + 7639. Calculate k(l).
13
Let q(i) = -3*i + 3. Let b be 0 + (-2 - 1 - 2) + 4. Give q(b).
6
Let d(v) = 25454 + 3*v + v**3 - 7*v**2 - 11*v**2 - 25463 + 12*v**2. Determine d(4).
-29
Let k(x) = x**3 - 11 - 45*x + 45*x + 8*x**2. Suppose -161 = -7*q - 14. Let a = q - 29. Determine k(a).
-11
Let w(c) = 114*c - 681. Let z be w(6). Let x(d) be the third derivative of -1/12*d**4 - 19*d**2 + 5/6*d**z + 0*d + 0 - 1/60*d**5. Give x(-5).
-10
Let g(d) = -4*d + 7. Let v(s) = 26*s + 48. Let y be v(-4). Let m be (0*(-7)/y)/(-1). What is g(m)?
7
Let s(m) be the first derivative of m**4/4 + m**3 - 2*m**2 - 6*m + 2623. Determine s(-3).
6
Let g be (1/(-20)*5)/((-2)/136). Suppose g = 11*t - 49. Let w(b) = -3*b - 22. Let k(l) = -2*l - 11. Let p(x) = -5*k(x) + 3*w(x). What is p(t)?
-5
Let q(u) be the third derivative of -u**6/120 - 3*u**5/20 - u**4/24 - u**3 - 136*u**2 + 4*u. Suppose 13 = -i + 4. Calculate q(i).
3
Suppose 3*a - 4*b - 598 = 0, 0 = -3*a + 6*a - 5*b - 602. Let n = a - 196. Let j(v) be the first derivative of 5*v**2/2 + 3*v - 1. Calculate j(n).
-7
Let s be (-56*(-33)/462)/(-1*2/4). Let h(r) be the third derivative of -r**4/24 + r**3 + 2*r**2. What is h(s)?
14
Let f be (-5)/(7/((-42)/(-5))). Let p(u) = u. Let w(k) = -k**3 - 10*k**2 - 8*k + 10. Let n be w(-9). Let j(q) = -4*q + 6. Let y(a) = n*j(a) + 6*p(a). Give y(f).
-6
Let b(r) be the first derivative of 6*r**2 + 6*r + 383. Determine b(1).
18
Let d(s) = 1. Let i(u) = 12*u + 6. Let x(a) = 10*d(a) - i(a). Let q be ((-34)/30 + 2/6)/((-8)/20). Give x(q).
-20
Let t = -448/29 - -1373/87. Let h(b) be the first derivative of -b + 10 + t*b**3 - 1/2*b**2. Determine h(4).
11
Let h(t) = -4*t**3 + 6*t + 5. Suppose 0 = 3*l + 4*s - 4, 4*l - 4*s - 52 = -0*s. Let m(b) = 11*b**3 - b**2 - 17*b - 14. Let a(w) = l*h(w) + 3*m(w). What is a(4)?
2
Let x be (-1)/(-7 - 20/(-3)). Let o(y) = y - x - 6 + y. Give o(10).
11
Let q(w) = w**2 - 16*w + 78. Let n be q(8). Let s(r) = -r**2 - 58*r + 0*r**2 - n + 50*r. Calculate s(-7).
-7
Let p(b) = b**3 - 6*b**2 + 3. Let v(t) = -11*t - 57. Let a be v(6). Let h = a + 129. Determine p(h).
3
Let x = 159 - 157. Let w(s) = -9*s - s**x - 556 - 557 + 1105. What is w(-7)?
6
Suppose 16 = p + 4*c, 0 = -5*p - 0*c - c + 23. Suppose p*x = x + 15. Let i(u) be the third derivative of u**4/12 - 2*u**3/3 + 16*u**2 - 12. What is i(x)?
6
Suppose -3*t = 147 - 15. Let c be 2*(t/8 - -2). Let h(b) be the first derivative of b**2/2 + 8*b - 1932. Give h(c).
1
Let r = -3019 + 3028. Let v(n) be the second derivative of n**4/6 - 8*n**3/3 - 7*n**2/2 - 56*n + 2. Calculate v(r).
11
Let q(n) = -3*n + 1. Let k(x) = x**3 + 18*x**2 - 18*x + 17. Let c be 15*(-12)/54*3/(-1). Let m be 4/c + -194*2/20. Let z be k(m). What is q(z)?
7
Let m(h) = -3*h**3 + 12*h**2 - 7*h + 5. Let l(b) = b**3 - 6*b**2 + 3*b - 2. Suppose 23*t - 15 = 26*t. Let a(q) = t*l(q) - 2*m(q). Give a(-6).
6
Suppose -3*j - 11*r + 55 = -16*r, -5*j - 7*r + 61 = 0. Let i(z) = -z**2 + 16*z + 14. Calculate i(j).
29
Let c be (8 + -3)*(1 - (4 - 2)). Let u(k) = -k + 2. Let w(n) = -n + 1. Let i(r) = c*w(r) + 2*u(r). Determine i(-1).
-4
Let i(h) be the third derivative of h**8/20160 + h**7/336 + 5*h**6/144 - 103*h**5/30 + h**2 - 2. Let b(w) be the third derivative of i(w). Calculate b(-13).
-1
Let n(t) be the third derivative of -t**5/60 + 9*t**4/8 - 167*t**3/6 + 2*t**2 - 387*t + 3. Give n(15).
13
Let q(m) be the first derivative of 17*m**2/2 + 151*m + 520. Determine q(-9).
-2
Let d be 8*(35/5)/(-126) - (-174)/27. Let z(g) = g - 6. Determine z(d).
0
Let b be 1/(-3)*4/((-20)/(-105)). Let c(g) be the second derivative of -g**4/12 - 5*g**3/6 + g**2 + 2*g - 34. Give c(b).
-12
Let r(x) = -x**3 + 6*x**2 + 3*x + 20. Let i(q) = q**3 + 2*q**2 - 16*q + 56. Let a be i(-6). Give r(a).
-84
Let i = 54448 + -54443. Suppose j - 7 = -2*l - 0, -3*l - 5*j = -14. Let s(m) = 6*m**2 - m**l - 2*m + m - 1 - m**2. Give s(i).
-6
Suppose 2*o + 0*o - 44 = -4*n, -5*o - n + 128 = 0. Suppose 0 = o*j - 27*j - 7. Let y(c) = -c**2 - 8*c - 11. What is y(j)?
-4
Let m(l) = 8*l - 39 + 14 - 13*l - 25*l**2 - 20. Let f(u) = -71*u**2 - 14*u - 135. Let h(g) = -6*f(g) + 17*m(g). Calculate h(0).
45
Let j(i) = i**2 - 4*i. Let p(x) = -x**3 + 20*x**2 + 69*x + 3. Suppose -2*l + 58 = -4*o, o = 6*l - l - 118. Let b be p(l). Determine j(b).
-3
Let a be (-12)/(-4) - ((-9)/3)/(-3). Let i(r) = -a - 19*r + 37*r - 17*r. Suppose 2 = 4*u - 10. What is i(u)?
1
Let h(v) be the first derivative of -v**2/2 + 9*v + 39. Let x(m) = -2*m**3 - 4*m**2 - 6*m - 4. Let t be x(-2). Calculate h(t).
1
Suppose 0*p + 2*p = 0. Let w(l) be the third derivative of -l**6/120 + l**5/60 + l**4/12 + 7*l**3/6 - 15104*l**2. Give w(p).
7
Let j(a) be the second derivative of 4/3*a**3 + 7/2*a**2 + 33*a - 1/12*a**4 - 3. Give j(9).
-2
Let q(n) = -19*n + 4. Let y(z) = 11*z**3 - 276*z**2 + 30*z - 120. Let j be y(25). Give q(j).
-91
Let v(h) = h**2 - 4*h + 4. Let i(m) = 14*m + 114. Let l be i(-8). Suppose -2*w - 3*w = -2*q - 8, 0 = l*q + 2*w - 20. Give v(q).
16
Let q(f) = -f - 2. Let c be q(-9). Let i(n) = 6*n - n**2 + 0*n - c*n + 4*n + 4. Let o be i(3). Let w(s) = -s**3 + 4*s**2 + s - 4. Determine w(o).
0
Let b(j) = -1690 - 1851 + 3539 - 2*j. Suppose 2*s = -4 - 4. Determine b(s).
6
Let z(m) = 99*m - 328 - 41*m - 32*m - 21*m - 22*m. Determine z(-19).
-5
Let t(u) = -u**3 - u**2 + 3*u - 1. Let q(o) = -o**3 + 32*o - 28. Let z be q(-6). What is t(z)?
35
Let y be 6/(-27) - (-4)/18. Let g(w) be the third derivative of w**5/60 + w**4/24 + 17*w**3/6 + w**2 + 609*w. Give g(y).
17
Let t(p) = p**3 - 26*p**2 + 23*p + 56. Let a be t(25). Let v(y) = 2*y**2 - 15*y + 41. Calculate v(a).
23
Let h = -18982 - -18976. Let l(g) = g**2 + 8*g + 5. Give l(h).
-7
Let l(i) = -i + 1. Let h be l(7). Let x be ((-14)/(-42))/(2/6). Let y(v) = -37*v**2 + 70*v**2 - 39*v**2 + x - v**3. What is y(h)?
1
Let t(w) = -5*w + 4. Suppose 5*x = -2*n + 4*n - 114, 4*n - 238 = 5*x. Let z = -23 + -36. Let f = z + n. Determine t(f).
-11
Let n = 53 - 53. Let j(t) = 515 + 4*t**2 + n*t - 520 + 2*t - t**3. Let f be ((-1)/(-2))/(3/24). What is j(f)?
3
Suppose 0 = 33*h - 647 + 515. Let m(f) = -f**2 + 7 + f - f. Calculate m(h).
-9
Let y(z) = 2*z - 6. Let t(b) = b**2 - 16*b - 31. Let c(k) = 3*k. Let v be c(6). Let u be t(v). What is y(u)?
4
Let l be (-41)/((-123)/42) + 2. Let h(s) = 6*s - 39. What is h(l)?
57
Suppose 4*i = 3*z + 3*i - 14, -4*z = -2*i - 18. Suppose -z*b + 4*m - 46 = 0, -4*m + 32 = -4*b - 2*m. Let g be (-22)/3 - 2/b. Let k(s) = -2*s - 5. What is k(g)?
9
Let b(c) = -c + 9. Let g be b(4). Suppose 3*w + 5*f = -21, w + f = g*f - 7. Let u(l) = -l**2 - 7*l - 4. Determine u(w).
-4
Let f(y) be the second derivative of y**8/6720 - y**6/360 + y**5/60 + 11*y**4/4 - 4*y - 13. Let z(k) be the third derivative of f(k). Calculate z(2).
6
Let b = -13603 - -13600. Let r(l) = -26*l - 71. Calculate r(b).
7
Let x(z) = -z**2 - 14*z - 28. Let y be x(-11). Suppose 4*o + y*i + 14 = 0, 0*o + 2*o = i. Let j(f) = -8*f**2 + f + 2. Calculate j(o).
-7
Suppose -264*x = -261*x - 261. Let b(h) = -90*h + 13 - x*h + 178*h. Determine b(-17).
-4
Let a(g) = g**2 + 24*g + 29. Suppose -59*d - 666 = 289 + 402. Determine a(d).
6
Let t(y) = -y**2 - 230*y + 1913. Let x be t(8). Let k(u) = 5*u - 23. Calculate k(x).
22
Let p(v) = 2212*v - 2223. Let d be p(1). Let b(g) = -5*g**2 - 54*g - 17. Give b(d).
-28
Let q(k) = -42*k + 3*k**2 - 4020 + 1976 + 1955 - k**2. Give q(23).
3
Let u be 351/(-78)*12/(-9). Let o(n) = -n**2 + 6*n + 11. Determine o(u).
11
Let c(k) be the second derivative of -k**4/3 - 5*k**3/3 + k**2/2 - 4188*k. Calculate c(-5).
-49
Suppose 2*b - 8 